
In base 11, what is 104 + -1a47?
-1943
In base 4, what is -21232031 + 3?
-21232022
In base 3, what is 10 - -22122002221?
22122010001
In base 12, what is -198 + 56?
-142
In base 4, what is -100001 + -210?
-100211
In base 15, what is -851 + 70?
-7d1
In base 6, what is 153 - 152?
1
In base 14, what is -39130 - -7?
-39127
In base 14, what is -3 + b15?
b12
In base 10, what is 17 + -68813?
-68796
In base 9, what is -182 - -111?
-71
In base 7, what is -226536 + 162?
-226344
In base 8, what is 2 + -56677?
-56675
In base 5, what is 302103 - -13?
302121
In base 7, what is 2416224 + -4?
2416220
In base 7, what is 23432 + -162?
23240
In base 6, what is 111 + 134022?
134133
In base 16, what is 1e29 + 1a?
1e43
In base 7, what is -111332 + 353?
-110646
In base 4, what is -213200 + 2323?
-210211
In base 15, what is -224 - 1583?
-17a7
In base 10, what is 84 + -8056?
-7972
In base 6, what is -1135300 + 5?
-1135251
In base 4, what is 112 - -222323?
223101
In base 13, what is 2 - 98b7?
-98b5
In base 10, what is 41 - 96?
-55
In base 11, what is 86111 + -8?
86104
In base 6, what is -2343303 + 1?
-2343302
In base 14, what is 9 + b394?
b39d
In base 3, what is 111 + -11102121100?
-11102120212
In base 14, what is -31d46d + -2?
-31d471
In base 4, what is -131 - 12300210?
-12301001
In base 12, what is -1 - -58b332?
58b331
In base 14, what is -5a6 + 272?
-334
In base 14, what is 1c - 54b?
-52d
In base 11, what is -24 - 2aa2?
-3016
In base 6, what is 4 + 20501?
20505
In base 4, what is -1 - -113110011?
113110010
In base 15, what is 13dce0 + -2?
13dcdd
In base 16, what is -128 + 2c?
-fc
In base 2, what is -1011001111111 - -1101?
-1011001110010
In base 13, what is 169954 - -3?
169957
In base 9, what is 2 - -24766?
24768
In base 14, what is 6 + 26c33?
26c39
In base 14, what is 3 + -10701?
-106dc
In base 11, what is -2 + 7175?
7173
In base 5, what is 23040121 + 0?
23040121
In base 3, what is 121020100020 + 10?
121020100100
In base 5, what is 1211324 - 1?
1211323
In base 16, what is -c - -547e?
5472
In base 13, what is -710 - -358?
-385
In base 11, what is 79 + -1880?
-1802
In base 14, what is -b52 + -b8?
-c2a
In base 4, what is -12330 + 22313?
3323
In base 11, what is 13019 + 4?
13022
In base 11, what is 1845239 + 5?
1845243
In base 13, what is -4 + -56a7?
-56ab
In base 6, what is -32 + -1305?
-1341
In base 3, what is -1 + -11110012?
-11110020
In base 13, what is -4 + 37507?
37503
In base 3, what is -200120 - 121010?
-1021200
In base 8, what is -161 + 11206?
11025
In base 9, what is 26061 + 218?
26280
In base 10, what is -403 + 39?
-364
In base 6, what is -14113414 + -2?
-14113420
In base 13, what is 14 + -20247?
-20233
In base 4, what is 121003 - 10333?
110010
In base 15, what is -3 - 10a21?
-10a24
In base 11, what is -440a6 - 2?
-440a8
In base 7, what is -56 - -1302?
1213
In base 10, what is 210 - -52?
262
In base 2, what is -101110000010 + -111110110?
-110101111000
In base 12, what is 2ba + 1533?
1831
In base 13, what is 0 - -141bc?
141bc
In base 15, what is -3135 - 17?
-314c
In base 14, what is -4d9 + -1314?
-180d
In base 10, what is 28322 + -2?
28320
In base 15, what is -da - -42?
-98
In base 9, what is -27 - -301?
263
In base 11, what is -a + 7a5?
796
In base 4, what is 1033022 - -202?
1033230
In base 9, what is 0 - 10606?
-10606
In base 4, what is 211231013 + 23?
211231102
In base 11, what is -129 + -17480?
-175a9
In base 8, what is -24 - -17014?
16770
In base 13, what is -1 + 2b22?
2b21
In base 2, what is -11 + -1010100101011011001?
-1010100101011011100
In base 15, what is -a564 - 0?
-a564
In base 13, what is -c - b8aa?
-b8b9
In base 6, what is 44 + -15153?
-15105
In base 9, what is 131 - 363?
-232
In base 3, what is 120002111 + -1122?
120000212
In base 16, what is -13d25 + 3?
-13d22
In base 12, what is 195a9 + -2?
195a7
In base 9, what is -113 - -20256?
20143
In base 5, what is -40 + -33210340?
-33210430
In base 13, what is -b7c + 5?
-b77
In base 12, what is -20 - 2098?
-20b8
In base 5, what is 2201 + 1300?
4001
In base 14, what is -1b5 - 305?
-4ba
In base 12, what is 1251 + -6?
1247
In base 13, what is -1a886 + -21?
-1a8a7
In base 10, what is -169 + 3720?
3551
In base 6, what is -402 + -4101?
-4503
In base 3, what is 1 - -1010201011?
1010201012
In base 13, what is ba4 - -8?
bac
In base 10, what is 664 + -19?
645
In base 8, what is 35 - 364412?
-364355
In base 7, what is 1 + 15504524?
15504525
In base 5, what is 11343 - 24404?
-13011
In base 9, what is 11 - 187236?
-187225
In base 14, what is -89b6d - 5?
-89b74
In base 8, what is -2277 - -2610?
311
In base 8, what is -4676 + -1?
-4677
In base 13, what is -104 - 2b7?
-3bb
In base 3, what is 2221 + -11202202?
-11122211
In base 12, what is 37 + -988?
-951
In base 6, what is -3 + -15505041?
-15505044
In base 7, what is 265 - 2604?
-2306
In base 7, what is -251302 + 5?
-251264
In base 15, what is 0 + -c733?
-c733
In base 6, what is 214 + 54534?
55152
In base 2, what is -111000111010000001 - -1?
-111000111010000000
In base 7, what is 5422 + 140?
5562
In base 3, what is 21021120 + 2?
21021122
In base 9, what is 101243 + -55?
101177
In base 13, what is 5 + -8841?
-8839
In base 11, what is 4 - 48a650?
-48a647
In base 10, what is -2 - -238607?
238605
In base 10, what is -292128 + -1?
-292129
In base 5, what is 104400 + -30?
104320
In base 12, what is -142813 + -10?
-142823
In base 13, what is 5 - -5acc?
5b04
In base 12, what is -264a61 + -5?
-264a66
In base 2, what is -11101001000 - -110000?
-11100011000
In base 9, what is 2126 + 582?
2718
In base 13, what is -2 - 4376?
-4378
In base 14, what is -147 - 99?
-202
In base 5, what is 14443 - -22?
20020
In base 11, what is -38961 - 2?
-38963
In base 7, what is 164115 + -23?
164062
In base 2, what is -100101100110100 + 10?
-100101100110010
In base 3, what is 110121 + -112?
110002
In base 4, what is 100210 - -223?
101033
In base 3, what is -11111 - -21?
-11020
In base 4, what is 10 - 1201203?
-1201133
In base 16, what is 12d + de?
20b
In base 4, what is -30320 + -12300?
-103220
In base 2, what is 10000010 - 1011011?
100111
In base 2, what is 1110 + -11010101011110100?
-11010101011100110
In base 13, what is -3 - -312b?
3128
In base 15, what is -70 + -592?
-612
In base 7, what is 0 - -53624?
53624
In base 5, what is -12132 + 2042?
-10040
In base 4, what is -223202121 - 1?
-223202122
In base 8, what is -2350 + 100?
-2250
In base 4, what is -23131022032 + 3?
-23131022023
In base 13, what is -30 + -1c8c?
-1cbc
In base 2, what is 11001001010 - 110111?
11000010011
In base 7, what is 25501 - -30?
25531
In base 3, what is -121221 + 1222?
-112222
In base 5, what is 10304 - -2?
10311
In base 5, what is -112 + -2102221?
-2102333
In base 7, what is 124 + -414?
-260
In base 12, what is -46087 + 7?
-46080
In base 10, what is -1478 - 14?
-1492
In base 6, what is 241 + -313524?
-313243
In base 13, what is 40b7 - 39?
407b
In base 6, what is 1520214 + 5?
1520223
In base 15, what is 123a - -66?
12a1
In base 15, what is -1bd5 + -a9?
-1c8e
In base 5, what is 3 - 33133304?
-33133301
In base 13, what is 2a - 5a5?
-578
In base 13, what is 26834 + -1?
26833
In base 4, what is -111112021 - -11?
-111112010
In base 2, what is -10100101100 + 1110010?
-10010111010
In base 2, what is 10100010 - 11000101111?
-10110001101
In base 13, what is -324 + -20?
-344
In base 2, what is -100 - -11001011100101010100?
11001011100101010000
In base 10, what is 239 + 97?
336
In base 11, what is 3664 + 8?
3671
In base 4, what is 323132320 + -10?
323132310
In base 4, what is -201 - 322120?
-322321
In base 4, what is 3 - 202303021?
-202303012
In base 14, what is 3 + 5d97a?
5d97d
In base 16, what is -3 + -e64c1?
-e64c4
In base 3, what is 101120112201 + 0?
101120112201
In base 6, what is 111301202 + 1?
111301203
In base 11, what is 402 + -208?
1a5
In base 5, what is -2 - 213203?
-213210
In base 10, what is 99792 - -2?
99794
In base 7, what is -54613 - 40?
-54653
In base 8, what is -6 - -15136?
15130
In base 8, what is 3 - 114473?
-114470
In base 12, what is -43 + 115?
92
In base 16, what is -3f + -256d?
-25ac
In base 4, what is 11300 + -10003?
1231
In base 6, what is 115204 - -3?
115211
In base 15, what is 81d - 13?
80a
In base 12, what is -47 + 11980?
11935
In base 10, what is 94667 + 63?
94730
In base 12, what is a - 11272?
-1126